{"id":2413,"date":"2024-01-31T17:37:15","date_gmt":"2024-01-31T16:37:15","guid":{"rendered":"https:\/\/gamaartisancouteau.com\/?page_id=2413"},"modified":"2024-05-01T17:46:01","modified_gmt":"2024-05-01T15:46:01","slug":"stage-de-fabrication-journee-individuel","status":"publish","type":"page","link":"https:\/\/gamaartisancouteau.com\/index.php\/stage-de-fabrication-journee-individuel\/","title":{"rendered":"Stages de fabrication"},"content":{"rendered":"\t\t<div data-elementor-type=\"wp-page\" data-elementor-id=\"2413\" class=\"elementor elementor-2413\">\n\t\t\t\t<div class=\"elementor-element elementor-element-26367b9 e-flex e-con-boxed e-con e-parent\" data-id=\"26367b9\" data-element_type=\"container\">\n\t\t\t\t\t<div class=\"e-con-inner\">\n\t\t<div class=\"elementor-element elementor-element-f9471db e-con-full e-flex e-con e-child\" data-id=\"f9471db\" data-element_type=\"container\">\n\t\t\t\t<div class=\"elementor-element elementor-element-25c1f80 elementor-widget elementor-widget-image\" data-id=\"25c1f80\" data-element_type=\"widget\" data-widget_type=\"image.default\">\n\t\t\t\t<div class=\"elementor-widget-container\">\n\t\t\t\t\t\t\t\t\t\t\t\t\t\t\t<img fetchpriority=\"high\" decoding=\"async\" width=\"750\" height=\"750\" src=\"https:\/\/gamaartisancouteau.com\/wp-content\/uploads\/2024\/03\/Forge-site-.jpg\" class=\"attachment-large size-large wp-image-2617\" alt=\"Forge artisanale pierre r\u00e9fractaire\" srcset=\"https:\/\/gamaartisancouteau.com\/wp-content\/uploads\/2024\/03\/Forge-site-.jpg 750w, https:\/\/gamaartisancouteau.com\/wp-content\/uploads\/2024\/03\/Forge-site--300x300.jpg 300w, https:\/\/gamaartisancouteau.com\/wp-content\/uploads\/2024\/03\/Forge-site--150x150.jpg 150w, https:\/\/gamaartisancouteau.com\/wp-content\/uploads\/2024\/03\/Forge-site--600x600.jpg 600w, https:\/\/gamaartisancouteau.com\/wp-content\/uploads\/2024\/03\/Forge-site--100x100.jpg 100w, https:\/\/gamaartisancouteau.com\/wp-content\/uploads\/2024\/03\/Forge-site--50x50.jpg 50w\" sizes=\"(max-width: 750px) 100vw, 750px\" \/>\t\t\t\t\t\t\t\t\t\t\t\t\t\t\t<\/div>\n\t\t\t\t<\/div>\n\t\t\t\t<\/div>\n\t\t<div class=\"elementor-element elementor-element-2515f5a e-con-full e-flex e-con e-child\" data-id=\"2515f5a\" data-element_type=\"container\">\n\t\t\t\t<div class=\"elementor-element elementor-element-f618532 elementor-widget elementor-widget-image\" data-id=\"f618532\" data-element_type=\"widget\" data-widget_type=\"image.default\">\n\t\t\t\t<div class=\"elementor-widget-container\">\n\t\t\t\t\t\t\t\t\t\t\t\t\t\t\t<img decoding=\"async\" width=\"750\" height=\"1000\" src=\"https:\/\/gamaartisancouteau.com\/wp-content\/uploads\/2024\/03\/Atelier-pour-site-.jpg\" class=\"attachment-large size-large wp-image-2609\" alt=\"Atelier\" srcset=\"https:\/\/gamaartisancouteau.com\/wp-content\/uploads\/2024\/03\/Atelier-pour-site-.jpg 750w, https:\/\/gamaartisancouteau.com\/wp-content\/uploads\/2024\/03\/Atelier-pour-site--225x300.jpg 225w, https:\/\/gamaartisancouteau.com\/wp-content\/uploads\/2024\/03\/Atelier-pour-site--600x800.jpg 600w\" sizes=\"(max-width: 750px) 100vw, 750px\" \/>\t\t\t\t\t\t\t\t\t\t\t\t\t\t\t<\/div>\n\t\t\t\t<\/div>\n\t\t\t\t<\/div>\n\t\t\t\t\t<\/div>\n\t\t\t\t<\/div>\n\t\t<div class=\"elementor-element elementor-element-78f01fe e-flex e-con-boxed e-con e-parent\" data-id=\"78f01fe\" data-element_type=\"container\">\n\t\t\t\t\t<div class=\"e-con-inner\">\n\t\t\t\t<div class=\"elementor-element elementor-element-9899da2 elementor-widget elementor-widget-heading\" data-id=\"9899da2\" data-element_type=\"widget\" data-widget_type=\"heading.default\">\n\t\t\t\t<div class=\"elementor-widget-container\">\n\t\t\t\t\t<h1 class=\"elementor-heading-title elementor-size-default\">STAGES<\/h1>\t\t\t\t<\/div>\n\t\t\t\t<\/div>\n\t\t\t\t\t<\/div>\n\t\t\t\t<\/div>\n\t\t<div class=\"elementor-element elementor-element-0b24926 e-flex e-con-boxed e-con e-parent\" data-id=\"0b24926\" data-element_type=\"container\">\n\t\t\t\t\t<div class=\"e-con-inner\">\n\t\t\t\t\t<\/div>\n\t\t\t\t<\/div>\n\t\t<div class=\"elementor-element elementor-element-3d751fd e-flex e-con-boxed e-con e-parent\" data-id=\"3d751fd\" data-element_type=\"container\">\n\t\t\t\t\t<div class=\"e-con-inner\">\n\t\t\t\t<div class=\"elementor-element elementor-element-a7cfbae elementor-widget elementor-widget-text-editor\" data-id=\"a7cfbae\" data-element_type=\"widget\" data-widget_type=\"text-editor.default\">\n\t\t\t\t<div class=\"elementor-widget-container\">\n\t\t\t\t\t\t\t\t\t<p><span style=\"text-decoration: underline;\">Atelier particulier r\u00e9serv\u00e9 aux majeurs :<\/span><\/p><p>Vivez un moment privil\u00e9gi\u00e9 avec nous pour profiter d&rsquo;un accompagnement personnalis\u00e9 pour r\u00e9aliser votre cr\u00e9ation.<\/p><p>Pour venir dans notre atelier , pensez \u00e0 vous habiller dans une tenue adapt\u00e9e : des chaussures ferm\u00e9es et un jean.<\/p><p>Cet atelier est pr\u00e9vu pour une personne , nous pouvons faire des exceptions pour un duo, \u00e0 voir ensemble.<\/p><p>\u00a0<\/p><p><span style=\"text-decoration: underline;\">Equipements de protection :<\/span><\/p><p>Nous vous offrirons les lunettes et les bouchons d&rsquo;oreilles , et vous pr\u00eaterons le masque 3 M ( d\u00e9sinfect\u00e9 apr\u00e8s chaque utilisation) ainsi que des gants.<\/p><p>\u00a0<\/p><p>L&rsquo;atelier se d\u00e9roulera sur le site au 201 Rue Albert Gleizes 84300 CAVAILLON.<\/p><p>\u00a0<\/p><p>Afin de partager cette journ\u00e9e nous pouvons vous proposer le repas du midi \u00e0 10 \u20ac.<\/p><p>\u00a0<\/p><p>N&rsquo;h\u00e9sitez pas en remplir le formulaire client dans l&rsquo;onglet contact, nous sommes \u00e0 votre enti\u00e8re disposition pour vous fournir de plus amples renseignements.<\/p><div>\u00a0<\/div><div>\u00a0<\/div>\t\t\t\t\t\t\t\t<\/div>\n\t\t\t\t<\/div>\n\t\t\t\t\t<\/div>\n\t\t\t\t<\/div>\n\t\t\t\t<\/div>\n\t\t","protected":false},"excerpt":{"rendered":"<p>STAGES Atelier particulier r\u00e9serv\u00e9 aux majeurs : Vivez un moment privil\u00e9gi\u00e9 avec nous pour profiter d&rsquo;un accompagnement personnalis\u00e9 pour r\u00e9aliser votre cr\u00e9ation. Pour venir dans notre atelier , pensez \u00e0 vous habiller dans une tenue adapt\u00e9e : des chaussures ferm\u00e9es et un jean. Cet atelier est pr\u00e9vu pour une personne , nous pouvons faire des [&hellip;]<\/p>\n","protected":false},"author":1,"featured_media":0,"parent":0,"menu_order":0,"comment_status":"closed","ping_status":"closed","template":"","meta":{"site-sidebar-layout":"no-sidebar","site-content-layout":"page-builder","ast-site-content-layout":"full-width-container","site-content-style":"default","site-sidebar-style":"default","ast-global-header-display":"","ast-banner-title-visibility":"","ast-main-header-display":"","ast-hfb-above-header-display":"","ast-hfb-below-header-display":"","ast-hfb-mobile-header-display":"","site-post-title":"disabled","ast-breadcrumbs-content":"","ast-featured-img":"disabled","footer-sml-layout":"","theme-transparent-header-meta":"","adv-header-id-meta":"","stick-header-meta":"","header-above-stick-meta":"","header-main-stick-meta":"","header-below-stick-meta":"","astra-migrate-meta-layouts":"set","ast-page-background-enabled":"default","ast-page-background-meta":{"desktop":{"background-color":"var(--ast-global-color-4)","background-image":"","background-repeat":"repeat","background-position":"center center","background-size":"auto","background-attachment":"scroll","background-type":"","background-media":"","overlay-type":"","overlay-color":"","overlay-opacity":"","overlay-gradient":""},"tablet":{"background-color":"","background-image":"","background-repeat":"repeat","background-position":"center center","background-size":"auto","background-attachment":"scroll","background-type":"","background-media":"","overlay-type":"","overlay-color":"","overlay-opacity":"","overlay-gradient":""},"mobile":{"background-color":"","background-image":"","background-repeat":"repeat","background-position":"center center","background-size":"auto","background-attachment":"scroll","background-type":"","background-media":"","overlay-type":"","overlay-color":"","overlay-opacity":"","overlay-gradient":""}},"ast-content-background-meta":{"desktop":{"background-color":"var(--ast-global-color-5)","background-image":"","background-repeat":"repeat","background-position":"center center","background-size":"auto","background-attachment":"scroll","background-type":"","background-media":"","overlay-type":"","overlay-color":"","overlay-opacity":"","overlay-gradient":""},"tablet":{"background-color":"var(--ast-global-color-5)","background-image":"","background-repeat":"repeat","background-position":"center center","background-size":"auto","background-attachment":"scroll","background-type":"","background-media":"","overlay-type":"","overlay-color":"","overlay-opacity":"","overlay-gradient":""},"mobile":{"background-color":"var(--ast-global-color-5)","background-image":"","background-repeat":"repeat","background-position":"center center","background-size":"auto","background-attachment":"scroll","background-type":"","background-media":"","overlay-type":"","overlay-color":"","overlay-opacity":"","overlay-gradient":""}},"footnotes":""},"yoast_head":"<!-- This site is optimized with the Yoast SEO plugin v24.1 - https:\/\/yoast.com\/wordpress\/plugins\/seo\/ -->\n<title>Stages de fabrication - Gama Couteaux artisanaux<\/title>\n<meta name=\"description\" content=\"Le temps d&#039;une journ\u00e9e , retrouvez- vous en immersion dans le monde de l&#039;artisanat et repartez avec votre propre couteau!;\" \/>\n<meta name=\"robots\" content=\"index, follow, max-snippet:-1, max-image-preview:large, max-video-preview:-1\" \/>\n<link rel=\"canonical\" href=\"https:\/\/gamaartisancouteau.com\/index.php\/stage-de-fabrication-journee-individuel\/\" \/>\n<meta property=\"og:locale\" content=\"fr_FR\" \/>\n<meta property=\"og:type\" content=\"article\" \/>\n<meta property=\"og:title\" content=\"Stages de fabrication - Gama Couteaux artisanaux\" \/>\n<meta property=\"og:description\" content=\"Le temps d&#039;une journ\u00e9e , retrouvez- vous en immersion dans le monde de l&#039;artisanat et repartez avec votre propre couteau!;\" \/>\n<meta property=\"og:url\" content=\"https:\/\/gamaartisancouteau.com\/index.php\/stage-de-fabrication-journee-individuel\/\" \/>\n<meta property=\"og:site_name\" content=\"Gama Couteaux artisanaux\" \/>\n<meta property=\"article:publisher\" content=\"https:\/\/www.facebook.com\/profile.php?id=100095020392073\" \/>\n<meta property=\"article:modified_time\" content=\"2024-05-01T15:46:01+00:00\" \/>\n<meta property=\"og:image\" content=\"http:\/\/gamaartisancouteau.com\/wp-content\/uploads\/2024\/03\/Forge-site-.jpg\" \/>\n<meta name=\"twitter:card\" content=\"summary_large_image\" \/>\n<meta name=\"twitter:label1\" content=\"Dur\u00e9e de lecture estim\u00e9e\" \/>\n\t<meta name=\"twitter:data1\" content=\"2 minutes\" \/>\n<script type=\"application\/ld+json\" class=\"yoast-schema-graph\">{\"@context\":\"https:\/\/schema.org\",\"@graph\":[{\"@type\":\"WebPage\",\"@id\":\"https:\/\/gamaartisancouteau.com\/index.php\/stage-de-fabrication-journee-individuel\/\",\"url\":\"https:\/\/gamaartisancouteau.com\/index.php\/stage-de-fabrication-journee-individuel\/\",\"name\":\"Stages de fabrication - Gama Couteaux artisanaux\",\"isPartOf\":{\"@id\":\"https:\/\/gamaartisancouteau.com\/#website\"},\"primaryImageOfPage\":{\"@id\":\"https:\/\/gamaartisancouteau.com\/index.php\/stage-de-fabrication-journee-individuel\/#primaryimage\"},\"image\":{\"@id\":\"https:\/\/gamaartisancouteau.com\/index.php\/stage-de-fabrication-journee-individuel\/#primaryimage\"},\"thumbnailUrl\":\"http:\/\/gamaartisancouteau.com\/wp-content\/uploads\/2024\/03\/Forge-site-.jpg\",\"datePublished\":\"2024-01-31T16:37:15+00:00\",\"dateModified\":\"2024-05-01T15:46:01+00:00\",\"description\":\"Le temps d'une journ\u00e9e , retrouvez- vous en immersion dans le monde de l'artisanat et repartez avec votre propre couteau!;\",\"breadcrumb\":{\"@id\":\"https:\/\/gamaartisancouteau.com\/index.php\/stage-de-fabrication-journee-individuel\/#breadcrumb\"},\"inLanguage\":\"fr-FR\",\"potentialAction\":[{\"@type\":\"ReadAction\",\"target\":[\"https:\/\/gamaartisancouteau.com\/index.php\/stage-de-fabrication-journee-individuel\/\"]}]},{\"@type\":\"ImageObject\",\"inLanguage\":\"fr-FR\",\"@id\":\"https:\/\/gamaartisancouteau.com\/index.php\/stage-de-fabrication-journee-individuel\/#primaryimage\",\"url\":\"http:\/\/gamaartisancouteau.com\/wp-content\/uploads\/2024\/03\/Forge-site-.jpg\",\"contentUrl\":\"http:\/\/gamaartisancouteau.com\/wp-content\/uploads\/2024\/03\/Forge-site-.jpg\"},{\"@type\":\"BreadcrumbList\",\"@id\":\"https:\/\/gamaartisancouteau.com\/index.php\/stage-de-fabrication-journee-individuel\/#breadcrumb\",\"itemListElement\":[{\"@type\":\"ListItem\",\"position\":1,\"name\":\"Accueil\",\"item\":\"https:\/\/gamaartisancouteau.com\/\"},{\"@type\":\"ListItem\",\"position\":2,\"name\":\"Stages de fabrication\"}]},{\"@type\":\"WebSite\",\"@id\":\"https:\/\/gamaartisancouteau.com\/#website\",\"url\":\"https:\/\/gamaartisancouteau.com\/\",\"name\":\"Gama Couteaux artisanaux\",\"description\":\"\",\"publisher\":{\"@id\":\"https:\/\/gamaartisancouteau.com\/#organization\"},\"potentialAction\":[{\"@type\":\"SearchAction\",\"target\":{\"@type\":\"EntryPoint\",\"urlTemplate\":\"https:\/\/gamaartisancouteau.com\/?s={search_term_string}\"},\"query-input\":{\"@type\":\"PropertyValueSpecification\",\"valueRequired\":true,\"valueName\":\"search_term_string\"}}],\"inLanguage\":\"fr-FR\"},{\"@type\":\"Organization\",\"@id\":\"https:\/\/gamaartisancouteau.com\/#organization\",\"name\":\"Gama Couteaux artisanaux\",\"url\":\"https:\/\/gamaartisancouteau.com\/\",\"logo\":{\"@type\":\"ImageObject\",\"inLanguage\":\"fr-FR\",\"@id\":\"https:\/\/gamaartisancouteau.com\/#\/schema\/logo\/image\/\",\"url\":\"https:\/\/gamaartisancouteau.com\/wp-content\/uploads\/2023\/11\/cropped-cropped-logo-noir.jpg\",\"contentUrl\":\"https:\/\/gamaartisancouteau.com\/wp-content\/uploads\/2023\/11\/cropped-cropped-logo-noir.jpg\",\"width\":106,\"height\":129,\"caption\":\"Gama Couteaux artisanaux\"},\"image\":{\"@id\":\"https:\/\/gamaartisancouteau.com\/#\/schema\/logo\/image\/\"},\"sameAs\":[\"https:\/\/www.facebook.com\/profile.php?id=100095020392073\",\"https:\/\/www.instagram.com\/gama_deco84\/\"]}]}<\/script>\n<!-- \/ Yoast SEO plugin. -->","yoast_head_json":{"title":"Stages de fabrication - Gama Couteaux artisanaux","description":"Le temps d'une journ\u00e9e , retrouvez- vous en immersion dans le monde de l'artisanat et repartez avec votre propre couteau!;","robots":{"index":"index","follow":"follow","max-snippet":"max-snippet:-1","max-image-preview":"max-image-preview:large","max-video-preview":"max-video-preview:-1"},"canonical":"https:\/\/gamaartisancouteau.com\/index.php\/stage-de-fabrication-journee-individuel\/","og_locale":"fr_FR","og_type":"article","og_title":"Stages de fabrication - Gama Couteaux artisanaux","og_description":"Le temps d'une journ\u00e9e , retrouvez- vous en immersion dans le monde de l'artisanat et repartez avec votre propre couteau!;","og_url":"https:\/\/gamaartisancouteau.com\/index.php\/stage-de-fabrication-journee-individuel\/","og_site_name":"Gama Couteaux artisanaux","article_publisher":"https:\/\/www.facebook.com\/profile.php?id=100095020392073","article_modified_time":"2024-05-01T15:46:01+00:00","og_image":[{"url":"http:\/\/gamaartisancouteau.com\/wp-content\/uploads\/2024\/03\/Forge-site-.jpg","type":"","width":"","height":""}],"twitter_card":"summary_large_image","twitter_misc":{"Dur\u00e9e de lecture estim\u00e9e":"2 minutes"},"schema":{"@context":"https:\/\/schema.org","@graph":[{"@type":"WebPage","@id":"https:\/\/gamaartisancouteau.com\/index.php\/stage-de-fabrication-journee-individuel\/","url":"https:\/\/gamaartisancouteau.com\/index.php\/stage-de-fabrication-journee-individuel\/","name":"Stages de fabrication - Gama Couteaux artisanaux","isPartOf":{"@id":"https:\/\/gamaartisancouteau.com\/#website"},"primaryImageOfPage":{"@id":"https:\/\/gamaartisancouteau.com\/index.php\/stage-de-fabrication-journee-individuel\/#primaryimage"},"image":{"@id":"https:\/\/gamaartisancouteau.com\/index.php\/stage-de-fabrication-journee-individuel\/#primaryimage"},"thumbnailUrl":"http:\/\/gamaartisancouteau.com\/wp-content\/uploads\/2024\/03\/Forge-site-.jpg","datePublished":"2024-01-31T16:37:15+00:00","dateModified":"2024-05-01T15:46:01+00:00","description":"Le temps d'une journ\u00e9e , retrouvez- vous en immersion dans le monde de l'artisanat et repartez avec votre propre couteau!;","breadcrumb":{"@id":"https:\/\/gamaartisancouteau.com\/index.php\/stage-de-fabrication-journee-individuel\/#breadcrumb"},"inLanguage":"fr-FR","potentialAction":[{"@type":"ReadAction","target":["https:\/\/gamaartisancouteau.com\/index.php\/stage-de-fabrication-journee-individuel\/"]}]},{"@type":"ImageObject","inLanguage":"fr-FR","@id":"https:\/\/gamaartisancouteau.com\/index.php\/stage-de-fabrication-journee-individuel\/#primaryimage","url":"http:\/\/gamaartisancouteau.com\/wp-content\/uploads\/2024\/03\/Forge-site-.jpg","contentUrl":"http:\/\/gamaartisancouteau.com\/wp-content\/uploads\/2024\/03\/Forge-site-.jpg"},{"@type":"BreadcrumbList","@id":"https:\/\/gamaartisancouteau.com\/index.php\/stage-de-fabrication-journee-individuel\/#breadcrumb","itemListElement":[{"@type":"ListItem","position":1,"name":"Accueil","item":"https:\/\/gamaartisancouteau.com\/"},{"@type":"ListItem","position":2,"name":"Stages de fabrication"}]},{"@type":"WebSite","@id":"https:\/\/gamaartisancouteau.com\/#website","url":"https:\/\/gamaartisancouteau.com\/","name":"Gama Couteaux artisanaux","description":"","publisher":{"@id":"https:\/\/gamaartisancouteau.com\/#organization"},"potentialAction":[{"@type":"SearchAction","target":{"@type":"EntryPoint","urlTemplate":"https:\/\/gamaartisancouteau.com\/?s={search_term_string}"},"query-input":{"@type":"PropertyValueSpecification","valueRequired":true,"valueName":"search_term_string"}}],"inLanguage":"fr-FR"},{"@type":"Organization","@id":"https:\/\/gamaartisancouteau.com\/#organization","name":"Gama Couteaux artisanaux","url":"https:\/\/gamaartisancouteau.com\/","logo":{"@type":"ImageObject","inLanguage":"fr-FR","@id":"https:\/\/gamaartisancouteau.com\/#\/schema\/logo\/image\/","url":"https:\/\/gamaartisancouteau.com\/wp-content\/uploads\/2023\/11\/cropped-cropped-logo-noir.jpg","contentUrl":"https:\/\/gamaartisancouteau.com\/wp-content\/uploads\/2023\/11\/cropped-cropped-logo-noir.jpg","width":106,"height":129,"caption":"Gama Couteaux artisanaux"},"image":{"@id":"https:\/\/gamaartisancouteau.com\/#\/schema\/logo\/image\/"},"sameAs":["https:\/\/www.facebook.com\/profile.php?id=100095020392073","https:\/\/www.instagram.com\/gama_deco84\/"]}]}},"_links":{"self":[{"href":"https:\/\/gamaartisancouteau.com\/index.php\/wp-json\/wp\/v2\/pages\/2413"}],"collection":[{"href":"https:\/\/gamaartisancouteau.com\/index.php\/wp-json\/wp\/v2\/pages"}],"about":[{"href":"https:\/\/gamaartisancouteau.com\/index.php\/wp-json\/wp\/v2\/types\/page"}],"author":[{"embeddable":true,"href":"https:\/\/gamaartisancouteau.com\/index.php\/wp-json\/wp\/v2\/users\/1"}],"replies":[{"embeddable":true,"href":"https:\/\/gamaartisancouteau.com\/index.php\/wp-json\/wp\/v2\/comments?post=2413"}],"version-history":[{"count":69,"href":"https:\/\/gamaartisancouteau.com\/index.php\/wp-json\/wp\/v2\/pages\/2413\/revisions"}],"predecessor-version":[{"id":2725,"href":"https:\/\/gamaartisancouteau.com\/index.php\/wp-json\/wp\/v2\/pages\/2413\/revisions\/2725"}],"wp:attachment":[{"href":"https:\/\/gamaartisancouteau.com\/index.php\/wp-json\/wp\/v2\/media?parent=2413"}],"curies":[{"name":"wp","href":"https:\/\/api.w.org\/{rel}","templated":true}]}}